 the greatest common divisor of 42 and s?
14
Suppose 0*p + 115 = 5*p - 4*d, 0 = 5*p - 3*d - 120. What is the greatest common factor of p and 18?
9
Let h(g) = -g**3 - 10*g**2 - 10*g + 2. Suppose -2*s - 32 = 4*m, 0*s + 2*s - 31 = 3*m. Let y be h(m). Calculate the greatest common divisor of y and 55.
11
Suppose k + 9 = 4*v, -v = 3*k - 6*v + 6. Suppose 27 = 2*q + 8*r - k*r, 0 = -3*q + 3*r + 72. What is the greatest common factor of 14 and q?
7
Let n(h) = -64*h + 2. Let t be n(-1). Calculate the greatest common divisor of 33 and t.
33
Suppose c = 2*c + 3, 0 = 4*y - 4*c - 24. Suppose 4*n - 2*n = 4*a - 340, -y*a - n + 250 = 0. Calculate the greatest common factor of 21 and a.
21
Let d(a) = 12*a**2 + 4*a + 1. Let o be d(3). Suppose -2*n - o = -13. Let q be ((-5)/(-15))/((-2)/n). Calculate the highest common divisor of 36 and q.
9
Let i be 20/(-5) + 0 + 8. Calculate the greatest common factor of i and 32.
4
Let x(p) = -6*p + 6. Let m be x(-8). What is the highest common factor of 6 and m?
6
Suppose -5 = -3*g + 1. Suppose g*a + 0 = -4. Let z(r) = -19*r**3 - 2*r**2 + r + 1. Let f be z(a). What is the highest common factor of 13 and f?
13
Suppose 36 = -0*s + 2*s. Let w = 62 - 35. Calculate the highest common divisor of s and w.
9
Suppose l + 4*h = -0*l + 62, l - 57 = -3*h. Calculate the highest common factor of l and 21.
21
Let k = 429 + -203. Let b = k - 91. Suppose 0 = 4*a - 7*a + b. What is the highest common factor of 9 and a?
9
Let b(i) = i**3 + 6*i**2 - 5*i - 15. Let g be b(-6). Calculate the greatest common factor of 15 and g.
15
Let s = 206 + -111. What is the greatest common divisor of s and 19?
19
Let u(z) = z + 5. Let i be u(-3). Suppose -4*y - i = -46. Let w = -2 + 3. What is the highest common divisor of w and y?
1
Let t be (-1*1)/((-2)/14). Let d(c) = c**2 + 3*c + 3. Let f be d(-6). Calculate the greatest common divisor of t and f.
7
Let u be (1/3)/((-5)/(-105)). Let y = 3 + 2. Suppose -3*f + 2*h + 24 = -f, -3*h = -y*f + 64. Calculate the highest common factor of f and u.
7
Let b(y) = -y**3 + 6*y**2 + 6*y - 6. Let n be b(5). What is the highest common factor of 7 and n?
7
Let h(y) = -y + 6. Let k be h(7). Let v = k - -3. Suppose -4*z + 100 = 4*l, -4*z - l - 8 = -99. What is the highest common divisor of v and z?
2
Suppose 2*f - 4*u = 106, 2*f = f - 5*u + 25. Suppose -2*m + 375 = 3*m. Suppose 3*d + m = 8*d. Calculate the greatest common factor of d and f.
15
Suppose 16*n + 392 - 2312 = 0. Calculate the greatest common factor of n and 48.
24
Let o(m) = 33 + 18*m - 6*m**3 - 17*m + 5*m**3 + m**2. Let f be o(0). What is the greatest common divisor of f and 3?
3
Suppose -32 = -5*m + 13. Calculate the greatest common factor of 27 and m.
9
Suppose 0 = -2*a - z + 26, 3*z - 10 = -a - 2. Calculate the highest common factor of a and 42.
14
Let u = 122 - 26. Let h = 143 + -127. What is the highest common divisor of h and u?
16
Suppose -5*z + 220 = -5*j, -2*z + 2*j = 7*j - 53. Suppose 0 = v - 3*v + 26. What is the highest common factor of z and v?
13
Let o be (-2)/(2/1)*-3. Suppose -4*d + 41 = -o*x, 2*d - x = 3*x + 18. What is the highest common divisor of d and 11?
11
Let f(w) = -w**3 - w**2 - 2. Let i be f(0). Let y be i/7 + (-541)/(-7). Calculate the greatest common divisor of 7 and y.
7
Let f = -21 + 23. Let r(o) = 7*o**3 - 2*o - 1. Let i be r(f). Let z be (-1*3)/(3/(-34)). What is the highest common divisor of z and i?
17
Let z(a) = a**2 + 13*a - 17. Let x be z(-17). Calculate the greatest common factor of 3 and x.
3
Let d = -32 + 47. Calculate the highest common factor of 135 and d.
15
Suppose 4*m = 4 + 20. What is the greatest common divisor of 42 and m?
6
Let x(g) = -431*g**3 - 2*g - 1. Let y be x(-1). Suppose 69 - y = -4*l + n, -n = 3. Calculate the greatest common factor of l and 10.
10
Let z(w) = w**3 + 4*w**2 + 4*w + 3. Let j be z(-2). Calculate the greatest common divisor of 24 and j.
3
Suppose 0*t - 160 = -4*t. Suppose -6*p + p = 4*m - 62, -39 = -3*p - 3*m. Calculate the greatest common divisor of t and p.
10
Let a be 14 - (0 + 1 + -2). Let f be (a - (-3 - -4))*1. What is the highest common factor of f and 98?
14
Let k = -3 + 1. Let m(v) = -v**2 + 5*v - 2. Let l be m(5). Let g be k + 10 + (l - -4). What is the greatest common divisor of 15 and g?
5
Let h be 2 - (2/(-6) + (-4)/6). Suppose -6*f - 5*y = -3*f + 2, 5*y + 3 = -2*f. What is the greatest common factor of f and h?
1
Suppose 5*u = 42 + 58. Calculate the greatest common divisor of u and 5.
5
Suppose 2*x = b + 25, -2*b + 4*x - 40 = 5*x. Let n = -75 + 180. Let z = n + b. Calculate the greatest common factor of z and 12.
12
Let g = -8 - -11. Suppose -2*v = 4*z - g*v - 265, 0 = -5*v - 25. Suppose -99 = -o - 3*o - 5*q, -4*q = 4. Calculate the highest common factor of o and z.
13
Let f(q) = 3*q + 4. Let b be f(3). Let s = b - -27. Suppose v - 2 = 2*v - 2*r, 0 = -3*r + 15. Calculate the highest common factor of v and s.
8
Suppose -3*r + 70 = -r. Calculate the highest common divisor of 14 and r.
7
Let y = 383 - 149. Calculate the highest common divisor of y and 26.
26
Let q(j) = 5*j**3 + j**2 + j - 2. Let x be q(2). What is the highest common factor of 66 and x?
22
Suppose -18*k - 1 + 109 = 0. Calculate the greatest common factor of k and 48.
6
Let n = 18 - -9. What is the highest common factor of 81 and n?
27
Let k(g) = -2*g - 5. Let j be k(-7). Let q(m) = -m - 1. Let t be q(-2). Calculate the greatest common divisor of t and j.
1
Let b = 19 - 34. Suppose p - 5*j - 47 = 0, 9*j - 115 = -5*p + 4*j. Let q = b + p. Calculate the highest common divisor of q and 24.
12
Let c be (-6)/5*(-10)/4. Calculate the highest common factor of 1 and c.
1
Let g = 52 - 21. What is the greatest common factor of g and 279?
31
Let f(i) = 12*i**2 - 2*i + 2. Let u be f(1). What is the greatest common factor of u and 8?
4
Let s = -54 + 77. Let y = -20 + 12. Let n = y + s. What is the highest common factor of n and 10?
5
Let i = 17 - -43. Let p(r) = -r**2 + 11*r - 9. Suppose -4*z - 5*x + 57 = 0, x = -4*z - z + 45. Let t be p(z). Calculate the greatest common factor of t and i.
15
Let a be 22 - (8 + -4) - 1. What is the greatest common divisor of 136 and a?
17
Let t(w) = -21*w + 2. Let c be t(-1). Let u(f) = -f**2 + 10*f - 9. Let x be u(9). Suppose 0 = -x*r - r + 115. Calculate the greatest common divisor of r and c.
23
Let g = -27 + 54. Let v be (g/(-6))/(3/(-4)). Let f be (-2)/2 - (-54 - 1). Calculate the greatest common divisor of f and v.
6
Let c = 6 - -45. Calculate the highest common divisor of 17 and c.
17
Suppose -5*n - 81 = -8*n. What is the highest common factor of n and 18?
9
Let s(a) = -a**2 - 19*a - 12. Let j be s(-16). What is the highest common divisor of j and 72?
36
Let c(r) = r. Let t(v) = v**2 + 5*v + 6. Let b be t(-5). Let m be c(b). Calculate the greatest common divisor of m and 4.
2
Let y(i) = -i**2 + 12*i + 2. Let o be y(10). Calculate the highest common factor of o and 2.
2
Let x(p) = -p + 17. Let z be x(-11). Calculate the greatest common divisor of z and 7.
7
Let y = 27 + -24. Let i(o) = -2*o**3 - 3*o**2 + o - 2. Let w be i(-3). Suppose -17 = -y*n + w. What is the greatest common divisor of n and 52?
13
Let x be (4/(-6))/((-4)/(-30)). Let t be 484/10 + 2/x. Suppose -2*l + t = 2*l. What is the highest common divisor of l and 12?
12
Suppose 0 = -g + 4*r - 9*r + 166, -g - 3*r + 168 = 0. What is the highest common factor of 9 and g?
9
Suppose 2*d = -0*d - 48. Let v be 0 - 7/(14/d). Let g = -7 + v. Calculate the greatest common divisor of g and 55.
5
Suppose -2*p + 0*p = -6. Suppose -2*h - 3*w + 13 = -4*w, -3 = p*w. Suppose h*u - 4 = 5*u. Calculate the highest common factor of u and 4.
4
Let i(w) = w**3 - 5*w**2 - 8*w + 7. Let l be i(6). Let k = 7 + l. Calculate the highest common factor of 2 and k.
2
Let y = -8 - 4. Let z = y + 27. What is the greatest common factor of z and 5?
5
Let a(f) = 2*f**3 - 4*f + 12*f**2 - 4*f**2 + 8 - 3*f**3. Let t be a(6). Let q be -39 + 35 - (-24)/(-2 + 4). Calculate the greatest common divisor of q and t.
8
Suppose -r - 4*v = 17, -r + 4*r + 1 = -2*v. Suppose 0 = b - 0 + r. Let o be (-1)/(-3) - 5/b. Calculate the greatest common factor of o and 14.
2
Let t be 96/18 + 2/3. Calculate the greatest common factor of t and 30.
6
Let g be (-6)/(-2) - (-2 + 3). Suppose -g*